*i**3 + 4. Let p be (4/3 + (-20)/30)*3. What is the hundreds digit of b(p)?
1
Suppose 2*p = 0, 3*c = 4*c - 4*p + 58. Let i = c + 349. What is the units digit of i?
1
Let x(a) = -2*a**3 + 58*a**2 + 23*a + 304. What is the tens digit of x(24)?
1
Suppose 38500 = 6*h - 65654. What is the ten thousands digit of h?
1
Let k = 69105 - 42767. What is the tens digit of k?
3
Let l = -499 - -396. Let u = 85 - l. What is the units digit of u?
8
Let h(j) = 2*j**3 + 17*j**2 - 9*j + 4. Let u be h(-9). Suppose -7*f + 38 = -u. Suppose f*y - 1 = 5. What is the units digit of y?
1
Suppose -29*r - 32 = -37*r. Suppose s - 5*z - 91 = 0, r*s - 182 = 2*s - z. What is the tens digit of s?
9
Let v = -55 + 67. Suppose 0 = z + v*z - 3406. What is the tens digit of z?
6
Suppose 0 = -16*b + 13*b + 2*x + 9050, 0 = 3*b + 4*x - 9062. What is the thousands digit of b?
3
Let b be (-1 + 1/(-3))*-24. Let f be 3608/b + (-2)/(-8). Let r = -100 + f. What is the units digit of r?
3
Suppose 0 = -2*y + 44*v - 48*v + 13724, 2*v = -8. What is the tens digit of y?
7
Let r = 18454 + -6527. Suppose -3062 - r = -13*o. What is the units digit of o?
3
Suppose -24 = k + 2*h, -k - 2*h - 28 = 2*h. What is the units digit of 204 + ((-8)/20 - 8/k)?
4
What is the ten thousands digit of 660496/12 - (-2301)/(-531)?
5
Let s = -71 + 56. Let i be (6 + (5 - 2))*s. What is the tens digit of 6/9*i/(-5)?
1
Suppose 11*i = 6*i. Let h be 3*-3*(i - 20/6). Suppose -h = -3*a + 183. What is the tens digit of a?
7
Let b(n) = 92*n**2 - 321*n + 3. What is the thousands digit of b(8)?
3
Suppose -3*q - 11*u + 14732 = 0, -4*u + 931 + 23565 = 5*q. What is the hundreds digit of q?
8
Let o = -88 + 149. What is the tens digit of o - 6*(-6 + 7)?
5
Suppose 3*n = -2*c + c + 43, 0 = c - 4*n - 29. Let k = c - 40. What is the tens digit of 91 + 2 - 9/k?
9
Let g(a) = 4*a + 36. Let m(u) be the third derivative of -u**5/60 + 11*u**4/24 - 5*u**3/3 + 23*u**2. Let s be m(5). What is the units digit of g(s)?
6
Let k(j) be the third derivative of j**5/60 + 3*j**4/8 + 74*j**3/3 + 2*j**2 + 2. What is the hundreds digit of k(0)?
1
Suppose -6*t + 162 + 144 = 0. Suppose -t*x + 50*x = -215. What is the units digit of x?
5
What is the ten thousands digit of (114/6 + 6)*4*10242/60?
1
Let s be (2 - -218) + (-10 - -7). Suppose 4*c - s = -n + 2*n, 5*c - 4*n - 263 = 0. What is the tens digit of c?
5
What is the thousands digit of (-4 + -5)/1 + (-2 - (-111888)/4)?
7
Let h = 82 + -78. Let q be 1 - 70/(-49) - h/(-7). Suppose q*c - p - 818 = -2*p, -c + 290 = -4*p. What is the tens digit of c?
7
Let f be (-1)/(-3)*(170/(-10) + -1). What is the units digit of f/(-8)*(-42796)/(-39)?
3
Let g(f) = 47*f**3 - 12*f**2 + 2*f - 1. What is the thousands digit of g(6)?
9
Let p(j) = 85*j**3 + 2*j**2 - 1. Let w be p(-1). Let b be (-24)/w - 54/(-7). Suppose 3*k + 465 = b*k. What is the tens digit of k?
9
Suppose -2*u + 19 = y, 0*y + 5*y - 35 = -5*u. Suppose -u*l = -16 - 8. Suppose -l*f = -2*b - 140, 2*b - 3 = b. What is the units digit of f?
3
Suppose 134 - 26 = -27*c. Let t(d) = 16*d**2 - 9*d - 14. What is the hundreds digit of t(c)?
2
Let i = 639 - -4456. What is the tens digit of i?
9
Let l(o) = -48*o + 13. Let t be l(-4). Let a = 232 + t. What is the units digit of a?
7
Let s = -12 - -14. Let x(v) = v**3 - 4 - 16 - 51*v + 52*v + 11*v**s. What is the hundreds digit of x(-9)?
1
Let f(l) = 5*l**2 + 13*l - 44. Let m be f(5). Suppose -730 = -5*n - j, 6*j + m = n + j. What is the units digit of n?
6
What is the units digit of ((0 - -79)/((-144)/(-180)))/(2/16)?
0
Let j = 13712 - -1994. What is the tens digit of j?
0
Let o = -2619 + 1431. Let d = 1675 + o. What is the tens digit of d?
8
Let b = 789 - 786. Suppose -j = 3*v - 989, -2*v - b*v = 3*j - 1651. What is the hundreds digit of v?
3
Let l(n) = 1538*n**2 + 241*n + 1492. What is the tens digit of l(-6)?
1
Let v(r) = -26*r + 9. Suppose 0 = 20*x - 25*x - 20. What is the units digit of v(x)?
3
Suppose 2*s = 5*j + 133 - 110, 0 = 2*s + 5*j + 27. What is the tens digit of (-14 - -14) + (-292)/s?
9
Suppose -60*c + 78*c - 6030 = 0. Suppose -c*s + 341*s - 1416 = 0. What is the hundreds digit of s?
2
Let s(q) be the first derivative of q**4/4 - 2*q**3 - 7*q**2 + 21*q - 65. What is the units digit of s(8)?
7
Let n = -4461 + 6854. What is the thousands digit of n?
2
Let s be (3*10)/5 + 3. Let x be ((-1)/s)/((-2)/(-6))*-75. What is the units digit of (248/(-10))/(((-10)/x)/1)?
2
Let k(w) = -w**3 + 12*w**2 - w + 27. Let u be k(12). Let y(a) be the second derivative of a**3/3 + 14*a**2 + 8*a - 5. What is the units digit of y(u)?
8
Let a = 1296 + 966. What is the units digit of a?
2
Suppose 2*o - 2*a - 22 = a, -3*o - 2*a = -59. Suppose s + 4 = m, -5*m + 8 = -o. Let b(h) = 36*h**2 + 2. What is the units digit of b(s)?
8
Let t(a) = 75*a**3 - 3*a**2 - a. Let x be t(3). Suppose -x = 12*v - 17*v. What is the units digit of v?
9
What is the units digit of (-2)/(-8) + (-3477501)/(-268)?
6
Let g(s) = -s**2 + s. Let c(v) = 2*v**2 + 7*v - 2. Let o(y) = c(y) + g(y). Suppose 8 = -2*x, -t + 3*x = 6*x + 27. What is the tens digit of o(t)?
0
What is the thousands digit of 46256/18 + ((-364)/126)/(-13)?
2
Suppose 16*w + 40 = 24*w. Suppose w*a = -3*a + 1976. Let t = a - 145. What is the hundreds digit of t?
1
Let c = 403 + -307. Let b = 1772 + c. What is the tens digit of b?
6
Let i(g) = g + 13. Let q be i(-10). Let j(s) = 11*s**2 + 9*s + 2. Let k be j(-5). Let a = q + k. What is the tens digit of a?
3
Let k(f) = 2*f**2 - 29*f + 42. Let a be k(-15). Suppose -35 - a = -5*b + 3*g, -5 = -5*g. What is the units digit of b?
3
What is the hundreds digit of 2883 + (9 - 10) + 2 + 6?
8
Let j(t) = -t**2 - 6*t + 664. Let x(c) = 4*c + 8. Let n be x(-2). What is the units digit of j(n)?
4
Let q be 4/(-34) + ((-3132)/68)/(-9). Suppose s - 1848 = -q*s. What is the hundreds digit of s?
3
Let s be (-180)/(-54) - ((-4)/(-3) - 1). Suppose -144 + 2967 = 3*o + 4*u, s*o - 2844 = 3*u. What is the units digit of o?
5
Let k(i) = -i**3 + 103*i**2 + 288*i - 158. What is the tens digit of k(103)?
0
Suppose 6*q = 5*q + 3*q - 12430. What is the units digit of q?
5
Suppose -4*z + 272 = 4*g, -3*g = z - 3*z - 199. Let d(c) = 5*c - 95. Let x be d(20). Suppose -5*n + w + 31 = -3*n, x*n = -w + g. What is the tens digit of n?
1
Suppose -6*n + 251847 = 13*n + 44576. What is the units digit of n?
9
What is the tens digit of (-42178)/(-7) - (-348)/(-812)?
2
Let u be (-1)/(-2 - 21/(-12)). Suppose 0*b = -3*w - 5*b - 76, 2*b = w + 29. What is the tens digit of (u - 7)/(1/w)?
8
Let c(y) = 2 + 5 - 28*y + 2 - 6. Let x be 6 - 5 - (2 - -1). What is the tens digit of c(x)?
5
Let d(b) = -2*b**3 + 28*b**2 + 42*b + 73. What is the units digit of d(-7)?
7
Suppose -13*l + 19*l - 1620 = 0. Suppose 0 = -l*u + 261*u + 1206. What is the hundreds digit of u?
1
What is the hundreds digit of 24/8 + -16 + 10471?
4
Let t(g) = -g**3 - 30*g**2 + 11*g - 14. Let v(h) = -11*h + 243. Let m be v(25). What is the units digit of t(m)?
2
Suppose m - 3527 = -r, -2*m + 17659 = 3*m - r. Suppose 4*p = -j + 1187, -13*j = -16*j + 3*p + m. What is the units digit of j?
9
Let v(j) = j**2 - 2*j - 6. Let d be v(11). Let p be d/15 + -1 + (-5)/25. Suppose -p*r + 55 = -220. What is the tens digit of r?
5
Let f(m) = -9587*m - 57. What is the hundreds digit of f(-1)?
5
Suppose -4*f + 4*c + 47 = -149, 2*c - 184 = -4*f. Suppose 2*w = 5*o - f, -4*w + o - 49 = -0*o. Let z = w + 103. What is the units digit of z?
2
Suppose 11598915 + 11184445 = 509*a - 5461050. What is the units digit of a?
0
What is the hundreds digit of (((-122076)/15)/(-1))/(27/90)?
1
Let x = 2578 + 7581. What is the hundreds digit of x?
1
Let g be -2 + (1 - -1)*-1. Let r be (-3)/12 + (-522)/(-8). What is the tens digit of (6 + r/g)*(-2 - 2)?
4
Let w = 28 - -145. Suppose 14*h - 331 = w. What is the units digit of h?
6
Suppose 4*a - d + 390 = 0, 5*a + 3*d + 491 = 6*d. Let o be ((-24)/(-4))/(2/a). What is the units digit of (-4)/12*o + 0?
7
Let x(k) be the third derivative of 2*k**5/5 - k**4/24 + k**3/3 + 106*k**2. What is the hundreds digit of x(-3)?
2
What is the thousands digit of 9814 + 82 + -82 + 0/(-2)?
9
Let d be (36/(-10) - -3) + (-6)/(-10). Suppose 5*j - 3*r = -0*r + 1122, d = 5*j + 5*r - 1130. Let m = j - 134. What is the tens digit of m?
9
Suppose -9*u = -7*u 